860*x + 6763. Calculate c(193).
8
Let j(r) = -2*r**3 - 34*r**2 + 43*r - 152. What is j(-18)?
-278
Let f(z) = 13*z**2 + 363*z + 2094. Calculate f(-6).
384
Let c(i) = -i**3 + 1052*i**2 - 15616*i + 63258. What is c(1037)?
1
Let n(a) = -3*a**2 - 262*a - 5571. What is n(-38)?
53
Let v(z) = 1149275*z + 1149284. Give v(-1).
9
Let x(w) = -199778*w - 799107. Give x(-4).
5
Let q(f) = -1934*f**3 + 3687*f**2 + 8*f - 16. What is q(2)?
-724
Let b(v) = -3029505*v + 48472087. Determine b(16).
7
Let y(s) = -2*s**2 + 355*s - 7487. Give y(20).
-1187
Let h(c) = -c**2 - 23134*c + 300543. Give h(13).
-368
Let a(f) = -6125*f - 23643. What is a(-4)?
857
Let r(n) = -21509*n + 43004. What is r(2)?
-14
Let r(i) = -i**3 - 46*i**2 + 2307*i - 818. Determine r(30).
-8
Let a(y) = 370*y**2 - 14802*y + 82. What is a(40)?
2
Let h(t) = 1641*t + 851688. Determine h(-519).
9
Let w(b) = -b**3 - 36*b**2 + 34*b + 1220. Calculate w(-36).
-4
Let v(a) = -12641*a - 151703. Determine v(-12).
-11
Let l(m) = -215*m - 12701. Calculate l(-57).
-446
Let r(n) = 46*n**3 + 538*n**2 + 515*n - 21. Determine r(-1).
-44
Let c(a) = 64286*a + 964286. Determine c(-15).
-4
Let z(s) = -14*s**2 + 152*s + 75. Determine z(0).
75
Let s(h) = 3*h**3 + 343*h**2 + 112*h + 956. Determine s(-114).
1184
Let h(k) = -4*k**3 + 802*k**2 - 399*k - 230. Determine h(200).
-30
Let c(v) = -10536*v + 10852. Give c(1).
316
Let z(u) = -12*u**2 + 1744*u - 517. Give z(145).
63
Let i(s) = s**2 + 80*s + 1907. Determine i(-29).
428
Let f(j) = j**2 - 4120*j + 275356. Give f(68).
-180
Let x(s) = -5*s**3 - 195*s**2 + 201*s + 14. Calculate x(-40).
-26
Let f(q) = q**3 - 253*q**2 + 1247*q - 62476. Give f(249).
23
Let n(b) = 2*b**3 - 9*b**2 - 91*b - 102. Give n(-4).
-10
Let i(o) = -405*o**2 - 6*o + 6. What is i(1)?
-405
Let y(m) = 51*m**2 - 505*m - 105. What is y(-3)?
1869
Let r(y) = 36*y + 1479. What is r(-15)?
939
Let u(n) = -2912*n**2 + 34963*n - 19. What is u(12)?
209
Let k(p) = -p**3 - 51*p**2 - 337*p - 9259. Give k(-48).
5
Let n(l) = 2*l**2 - 4594*l - 78563. Calculate n(-17).
113
Let c(j) = 6*j**2 + 2123*j + 14860. Determine c(-7).
293
Let s(p) = -765*p**2 + 7650*p + 1. Give s(10).
1
Let c(z) = 36161*z + 72326. What is c(-2)?
4
Let a(l) = 126*l - 9303. Give a(74).
21
Let o(b) = -b**2 - 231*b - 13289. Give o(-111).
31
Let z(v) = -2*v**3 + 94*v**2 - 813*v + 809. Calculate z(36).
53
Let s(a) = -217774*a - 3048827. Calculate s(-14).
9
Let j(i) = -1184*i - 26994. Give j(-23).
238
Let x(h) = 1447*h - 7399. Give x(6).
1283
Let u(t) = -3*t**2 - 20*t + 232. Determine u(-18).
-380
Let x(h) = -3*h**2 - 233*h - 961. What is x(-4)?
-77
Let s(o) = 36*o**2 - 667*o + 2834. Calculate s(12).
14
Let s(l) = l**3 - 221*l**2 - 20348*l - 6393. Calculate s(291).
9
Let m(d) = -34*d + 1829. Calculate m(57).
-109
Let h(k) = -3*k**2 - 134*k - 56. What is h(-34)?
1032
Let h(z) = 78769*z + 5. Calculate h(0).
5
Let y(m) = -7*m**2 + 547*m - 641. Give y(77).
-25
Let s(r) = -20*r**2 + 2874*r - 20917. What is s(136)?
27
Let r(j) = -j**3 + 18*j**2 - 132*j + 717. Give r(12).
-3
Let t(i) = -2808*i - 75874. What is t(-27)?
-58
Let k(g) = -54*g - 3933. Determine k(-78).
279
Let r(u) = -10*u**2 + 361*u - 2009. Give r(7).
28
Let s(k) = -310*k + 3676. What is s(12)?
-44
Let w(y) = -8*y**3 + 72*y**2 - 30*y + 209. Give w(9).
-61
Let y(r) = -353*r**2 + 21885*r + 56. What is y(62)?
-6
Let y(r) = -r**2 - 158950*r - 44. What is y(0)?
-44
Let k(z) = 34*z**3 + 144*z**2 + 17*z + 20. What is k(-4)?
80
Let b(a) = -13*a**2 - 1007*a - 46. Give b(-77).
416
Let g(d) = -3*d**2 - 61*d + 2380. Determine g(25).
-1020
Let z(f) = -27*f**3 + 56968*f**2 + 4195*f + 52760. Determine z(2110).
10
Let y(z) = z**2 - 8389*z - 50319. Determine y(-6).
51
Let b(s) = 183902*s + 919507. What is b(-5)?
-3
Let a(v) = -3*v**3 + 44*v**2 + 358*v + 80. What is a(20)?
840
Let m(b) = b**2 + 542*b + 63849. Give m(-173).
12
Let s(x) = 12*x**2 + 685*x + 7613. Give s(-11).
1530
Let l(h) = 3*h**2 + 128*h - 1128. What is l(-63)?
2715
Let d(n) = -5*n**3 + 464*n**2 - 3311*n - 340. Calculate d(85).
0
Let k(d) = -d**3 + 701*d**2 - 46954*d + 2510. Determine k(626).
6
Let s(t) = -18*t**3 - 7*t**2 + 64. Determine s(2).
-108
Let c(v) = 2780*v + 30788. Give c(-11).
208
Let k(i) = 185285*i + 370612. Give k(-2).
42
Let g(s) = 125*s + 9334. What is g(-74)?
84
Let n(b) = -52*b - 4806. Calculate n(-98).
290
Let i(h) = 54570*h + 272864. What is i(-5)?
14
Let o(n) = n**3 - 16*n**2 + 45*n + 41. What is o(5)?
-9
Let s(i) = -4814*i + 250212. Calculate s(52).
-116
Let c(z) = -511*z - 65117. Determine c(-134).
3357
Let g(i) = 1083*i + 67212. Calculate g(-62).
66
Let b(r) = -r**2 + 8496*r + 401602. What is b(-47)?
81
Let d(a) = -458*a + 1038. Give d(3).
-336
Let c(t) = -t**3 + 47*t**2 - 52*t - 557. What is c(46)?
-833
Let q(x) = -x**2 + 33*x + 195. Give q(-6).
-39
Let p(f) = -3*f**3 + 19*f**2 + 1125*f - 7867. Determine p(7).
-90
Let b(y) = 39*y**3 - 95*y**2 - 170*y. Determine b(-2).
-352
Let r(k) = 1142*k**2 + 4522*k - 13. Determine r(-4).
171
Let a(h) = -1399*h - 23955. Determine a(-17).
-172
Let s(o) = -639*o + 260. Give s(-2).
1538
Let c(z) = -10*z**2 + 375*z + 2045. Determine c(-5).
-80
Let h(t) = -3*t**3 + 1303*t**2 + 4821*t - 1324. What is h(438)?
-10
Let b(l) = 23*l**3 + 3632*l**2 - 316*l - 216. Give b(-158).
-216
Let s(q) = 207*q - 29215. Give s(138).
-649
Let i(u) = -u**2 + 35733*u - 26271479. Determine i(751).
3
Let l(q) = -27762*q - 444195. Calculate l(-16).
-3
Let h(u) = -1637*u - 3916. Give h(-2).
-642
Let g(w) = -51537*w + 360761. Give g(7).
2
Let y(q) = -49058*q + 343269. What is y(7)?
-137
Let y(w) = -5*w**3 + 34*w**2 - 3*w + 38. Determine y(9).
-880
Let v(n) = -1410*n - 60710. Calculate v(-43).
-80
Let b(d) = 814*d + 116918. What is b(-144)?
-298
Let a(g) = -2*g**3 - 216*g**2 - 448*g - 1729. What is a(-106)?
815
Let n(x) = -2*x**3 + 287*x**2 - 419*x - 763. What is n(142)?
231
Let u(s) = -767*s**2 - 3777*s + 313. Determine u(-5).
23
Let d(q) = -2*q**2 + 47*q + 12935. Give d(-70).
-155
Let v(z) = -123*z**2 - z - 24. Determine v(2).
-518
Let m(s) = s**3 + 209*s**2 + 8497*s + 1313. Determine m(-55).
-172
Let h(q) = 10*q**3 - 151*q**2 + 2*q - 58. Calculate h(15).
-253
Let f(x) = -2*x**2 + 689*x + 10400. Determine f(359).
-11
Let n(j) = -16*j**2 - 431*j + 20091. Give n(-51).
456
Let k(s) = -112*s**2 - 8202*s + 8196. Calculate k(1).
-118
Let i(r) = -20*r**2 - 963*r - 101. Give i(-48).
43
Let v(p) = -p**2 - 8355*p + 504907. What is v(60)?
7
Let j(d) = d**2 - 109*d + 1084. Determine j(12).
-80
Let y(a) = 11427*a - 445656. Give y(39).
-3
Let g(b) = 8*b**3 - 16*b**2 - 103*b - 33. What is g(5)?
52
Let j(f) = 4065*f + 886176. Determine j(-218).
6
Let y(f) = f**2 - 792*f + 95074. What is y(148)?
-238
Let j(r) = r**3 + 8*r**2 - 227*r - 2011. Give j(-13).
95
Let y(z) = -z**3 - 41*z**2 + 89*z + 81. Calculate y(-44).
1973
Let s(x) = -2512*x + 185504. Determine s(74).
-384
Let x(m) = m**2 + 41668*m + 624765. Calculate x(-15).
-30
Let m(j) = 22220*j + 177747. What is m(-8)?
-13
Let r(j) = -8483*j + 144038. What is r(17)?
-173
Let w(c) = 139*c**3 - 857*c**2 + 139*c - 7. Calculate w(6).
-1
Let r(l) = -4533*l - 1650022. What is r(-364)?
-10
Let t(r) = -304*r + 1139. Give t(5).
-381
Let q(g) = g**2 + 29723*g - 416320. Give q(14).
-2
Let v(c) = 2*c**2 + 209*c - 435. What is v(2)?
-9
Let x(i) = 12*i**3 + 1274*i**2 - 1112*i - 4486. Determine x(-107).
8
Let q(u) = -4867*u + 92649. Determine q(19).
176
Let d(x) = -5*x**3 - 100*x**2 - 243*x - 1134. Determine d(-18).
0
Let n(j) = -2*j**3 + 274*j**2 + 1387*j + 13. What is n(-5)?
178
Let m(q) = -22*q**3 - 104*q**2 + 492*q + 10. Give m(3).
-44
Let n(s) = -45169*s + 316218. Give n(7).
35
Let t(v) = -v**3 + 68*v**2 - 1054*v - 137. Determine t(44).
-49
Let t(h) = -57185*h + 4746359. What is t(83)?
4
Let a(j) = j**3 - 17*j**2 + 1669*j - 9602. What is a(6)?
16
Let b(g) = -1211*g + 1068. Give b(1).
-143
Let u(l) = 11*l**3 + 202*l**2 + 31*l - 4. Calculate u(0).
-4
Let w(t) = 5*t**2 - 36*t - 365. Give w(-10).
495
Let c(p) = p**2 + 1541*p + 131941. Calculate c(-91).
-9
Let v(m) = -82*m - 3430. Calculate v(-41).
-68
Let o(l) = l**3 + 307*l**2 - 913*l - 280187. What is o(-307)?
104
Let m(v) = -10*v**2 - 427*v + 2761. What is m(6)?
-161
Let j(w) = w**3 + 71*w**2 + 191*w - 467. What is j(-68)?
417
Let u(r) = -r**3 - 112